 1599176 and 32818.
122
What is the highest common factor of 17982 and 465534?
1998
What is the highest common divisor of 16994 and 12398002?
586
What is the highest common factor of 381131 and 7453?
257
What is the greatest common divisor of 820 and 54007045?
205
What is the greatest common factor of 9 and 276053247?
9
Calculate the highest common divisor of 71687 and 9087529.
209
Calculate the greatest common divisor of 39368897 and 41.
41
Calculate the greatest common divisor of 96 and 184007872.
32
What is the highest common divisor of 8037 and 994473?
423
Calculate the greatest common factor of 158933 and 221017.
17
Calculate the highest common divisor of 490 and 4872119.
49
What is the greatest common factor of 287316 and 2691?
207
Calculate the greatest common divisor of 33703344 and 144.
144
Calculate the highest common divisor of 237555 and 17235.
45
Calculate the greatest common divisor of 811035 and 2565765.
3015
What is the greatest common divisor of 43672 and 1268548?
412
What is the highest common divisor of 2672725 and 9636?
11
Calculate the greatest common divisor of 247070 and 6145.
5
What is the greatest common factor of 261 and 30109743?
261
Calculate the greatest common divisor of 2650831237 and 59.
59
Calculate the highest common divisor of 2162 and 1311253.
1081
Calculate the greatest common divisor of 172934992 and 86.
86
What is the greatest common divisor of 42 and 2929094?
14
What is the greatest common divisor of 13174238 and 42?
14
Calculate the highest common divisor of 270 and 1526115.
15
Calculate the highest common divisor of 33358 and 74464.
26
Calculate the greatest common factor of 648 and 375604776.
648
Calculate the greatest common divisor of 219634 and 263638.
386
Calculate the highest common divisor of 7711775 and 996535.
4135
What is the greatest common factor of 85 and 1336960?
5
What is the greatest common factor of 34310198 and 26?
26
Calculate the greatest common factor of 1028 and 1499164.
4
What is the greatest common factor of 186 and 28469811?
93
Calculate the greatest common factor of 7313006 and 808.
202
What is the highest common divisor of 21530 and 29130?
10
Calculate the greatest common factor of 1246 and 195072514.
1246
What is the greatest common divisor of 96 and 132972396?
12
What is the highest common factor of 11 and 8702276?
11
What is the highest common divisor of 15965 and 2370545?
515
What is the greatest common factor of 208 and 799630?
26
Calculate the highest common divisor of 19053203 and 7540.
377
Calculate the greatest common factor of 404277 and 27489.
51
What is the highest common factor of 25888 and 164992?
32
Calculate the highest common factor of 38857394 and 241.
241
What is the greatest common factor of 1798420 and 110?
10
Calculate the greatest common factor of 12303 and 3942.
9
What is the greatest common factor of 272218407 and 141?
141
Calculate the greatest common factor of 213192 and 61758.
846
What is the highest common factor of 115718729 and 406?
203
Calculate the highest common divisor of 7566895 and 420.
35
Calculate the highest common divisor of 1242963070 and 10.
10
What is the highest common divisor of 42825 and 143775?
75
Calculate the highest common divisor of 53538586 and 424.
106
Calculate the greatest common factor of 1106 and 38405850.
1106
What is the greatest common factor of 18101 and 1154529?
787
What is the greatest common divisor of 1149774 and 2?
2
Calculate the highest common factor of 278187620 and 545.
545
What is the highest common factor of 8235 and 1051335?
2745
What is the greatest common factor of 4940369 and 68593?
1673
What is the greatest common divisor of 269 and 446?
1
Calculate the highest common factor of 17370 and 4420.
10
What is the greatest common factor of 15787149 and 7224?
903
What is the greatest common factor of 2 and 25256376?
2
Calculate the highest common factor of 37 and 258068969.
37
Calculate the greatest common divisor of 4 and 2398552.
4
What is the greatest common factor of 43 and 307061022?
43
Calculate the highest common divisor of 824042614 and 10508.
5254
What is the highest common divisor of 24794975 and 3050?
1525
What is the greatest common factor of 3004813 and 14?
7
Calculate the greatest common factor of 1083709610 and 1090.
1090
What is the highest common divisor of 180401 and 14703?
13
What is the greatest common divisor of 855097 and 102875?
823
What is the greatest common divisor of 47548 and 82?
2
What is the highest common factor of 1175 and 102238865?
235
What is the highest common factor of 41270 and 40080?
10
Calculate the highest common divisor of 13687238 and 852.
142
What is the greatest common divisor of 7156798 and 4?
2
Calculate the greatest common factor of 1373823973 and 337.
337
Calculate the greatest common factor of 818 and 222774938.
818
What is the greatest common divisor of 14188048 and 2058?
98
Calculate the greatest common divisor of 192570 and 468930.
1470
What is the highest common divisor of 262055629 and 23?
23
Calculate the greatest common factor of 83723 and 50161625.
2887
What is the highest common factor of 1034 and 1502308?
94
What is the highest common factor of 486 and 615987?
9
Calculate the greatest common divisor of 335220452 and 112.
28
Calculate the greatest common factor of 3175575 and 4875.
975
What is the greatest common factor of 202905 and 1134?
81
Calculate the greatest common factor of 7616 and 1207136.
3808
What is the highest common factor of 108 and 886865760?
108
What is the greatest common factor of 678 and 50094482?
226
Calculate the highest common factor of 74 and 60623686.
74
What is the greatest common factor of 1311 and 137396733?
1311
Calculate the greatest common factor of 14183658 and 45.
9
What is the greatest common factor of 1368954 and 5151?
303
Calculate the greatest common factor of 12736 and 15736.
8
What is the highest common factor of 1822782 and 21?
3
What is the greatest common factor of 41885 and 7520?
5
Calculate the highest common factor of 35882878 and 4708.
214
What is the highest common factor of 169830180 and 18?
18
Calculate the greatest common factor of 81 and 98840331.
81
What is the highest common divisor of 5700 and 1469004?
228
What is the greatest common divisor of 34345993 and 1299?
433
Calculate the greatest common factor of 232506 and 72.
18
What is the greatest common divisor of 14272097 and 532?
133
What is the highest common divisor of 1826 and 432596?
166
Calculate the greatest common divisor of 10479317 and 437.
19
What is the greatest common divisor of 8 and 13118673?
1
What is the greatest common factor of 95 and 1695115?
5
What is the greatest common divisor of 15882 and 1338736132?
5294
Calculate the greatest common divisor of 453 and 3349633.
151
Calculate the greatest common factor of 1844605 and 1960.
245
What is the highest common factor of 67919810 and 5380?
2690
Calculate the greatest common divisor of 9960 and 608655.
15
What is the highest common divisor of 593299 and 138467?
917
What is the greatest common divisor of 185 and 396085?
185
What is the highest common factor of 1065 and 6102876?
213
What is the greatest common factor of 16467 and 474549?
1497
What is the greatest common divisor of 1978 and 5144520?
86
Calculate the greatest common divisor of 4182642 and 828.
414
Calculate the highest common divisor of 544 and 26037568.
32
What is the highest common factor of 862747 and 11460?
191
Calculate the highest common divisor of 1633680 and 26400.
240
Calculate the greatest common factor of 7177182 and 558.
186
Calculate the highest common divisor of 2258485027 and 3743.
3743
Calculate the highest common divisor of 1112220 and 6626700.
6660
What is the highest common factor of 24 and 19227400?
8
What is the greatest common divisor of 70 and 28356545?
35
Calculate the greatest common factor of 16109246 and 25254.
2806
Calculate the highest common divisor of 176392 and 413440.
136
Calculate the greatest common factor of 124187672 and 2576.
1288
Calculate the highest common factor of 30724993 and 13.
13
What is the greatest common divisor of 1081 and 1406519?
23
What is the greatest common factor of 217776 and 411?
3
What is the highest common divisor of 456 and 124976?
8
Calculate the high